{"id":337,"date":"2023-05-16T20:39:36","date_gmt":"2023-05-16T18:39:36","guid":{"rendered":"https:\/\/dj1jay.de\/?page_id=337"},"modified":"2023-05-17T09:15:17","modified_gmt":"2023-05-17T07:15:17","slug":"anzeige-bearbeiten","status":"publish","type":"page","link":"https:\/\/dj1jay.de\/?page_id=337","title":{"rendered":"Anzeige bearbeiten"},"content":{"rendered":"\n<div class=\" awpcp-page\" id=\"classiwrapper\">\n\n    \n    \n<div>\n    <form method=\"post\" action=\"https:\/\/dj1jay.de\/index.php?rest_route=%2Fwp%2Fv2%2Fpages%2F337\">\n                <input type=\"hidden\" name=\"attempts\" value=\"1\" \/>\n                <input type=\"hidden\" name=\"step\" value=\"enter-access-key\" \/>\n        \n        <h2>Ad email and access key<\/h2>\n\n        <p class=\"awpcp-form-spacer\">\n            <label for=\"ad-email\">Enter your email address<\/label>\n            <input class=\"awpcp-textfield inputbox\" id=\"ad-email\" type=\"text\" size=\"50\" name=\"ad_email\" value=\"\" \/>\n                    <\/p>\n\n        <p class=\"awpcp-form-spacer\">\n            <label for=\"ad-key\">Enter your Ad access key<\/label>\n            <input class=\"awpcp-textfield inputbox\" id=\"ad-key\" type=\"text\" size=\"50\" name=\"ad_key\" value=\"\" \/>\n                        <br><a href=\"https:\/\/dj1jay.de\/index.php?rest_route=%2Fwp%2Fv2%2Fpages%2F337&amp;step=send-access-key\">Click here to have your Ad access keys sent to you.<\/a>\n        <\/p>\n\n        <input type=\"submit\" class=\"button\" value=\"Continue\" \/>\n    <\/form>\n<\/div>\n<\/div>\n\n","protected":false},"excerpt":{"rendered":"","protected":false},"author":1,"featured_media":0,"parent":334,"menu_order":0,"comment_status":"closed","ping_status":"closed","template":"elementor_header_footer","meta":{"jetpack_post_was_ever_published":false,"footnotes":""},"class_list":["post-337","page","type-page","status-publish","hentry"],"jetpack_sharing_enabled":true,"jetpack_shortlink":"https:\/\/wp.me\/PaMxRj-5r","jetpack-related-posts":[{"id":335,"url":"https:\/\/dj1jay.de\/?page_id=335","url_meta":{"origin":337,"position":0},"title":"Anzeige zeigen","author":"dj1jay","date":"16. Mai 2023","format":false,"excerpt":"","rel":"","context":"\u00c4hnlicher Beitrag","block_context":{"text":"\u00c4hnlicher Beitrag","link":""},"img":{"alt_text":"","src":"","width":0,"height":0},"classes":[]},{"id":336,"url":"https:\/\/dj1jay.de\/?page_id=336","url_meta":{"origin":337,"position":1},"title":"Antworte auf die Anzeigennachricht","author":"dj1jay","date":"16. Mai 2023","format":false,"excerpt":"","rel":"","context":"\u00c4hnlicher Beitrag","block_context":{"text":"\u00c4hnlicher Beitrag","link":""},"img":{"alt_text":"","src":"","width":0,"height":0},"classes":[]},{"id":338,"url":"https:\/\/dj1jay.de\/?page_id=338","url_meta":{"origin":337,"position":2},"title":"Anzeige aufgeben","author":"dj1jay","date":"16. Mai 2023","format":false,"excerpt":"","rel":"","context":"\u00c4hnlicher Beitrag","block_context":{"text":"\u00c4hnlicher Beitrag","link":""},"img":{"alt_text":"","src":"","width":0,"height":0},"classes":[]},{"id":340,"url":"https:\/\/dj1jay.de\/?page_id=340","url_meta":{"origin":337,"position":3},"title":"In Anzeigen st\u00f6bern.","author":"dj1jay","date":"16. Mai 2023","format":false,"excerpt":"","rel":"","context":"\u00c4hnlicher Beitrag","block_context":{"text":"\u00c4hnlicher Beitrag","link":""},"img":{"alt_text":"","src":"","width":0,"height":0},"classes":[]},{"id":341,"url":"https:\/\/dj1jay.de\/?page_id=341","url_meta":{"origin":337,"position":4},"title":"Suche in Anzeigen","author":"dj1jay","date":"16. Mai 2023","format":false,"excerpt":"","rel":"","context":"\u00c4hnlicher Beitrag","block_context":{"text":"\u00c4hnlicher Beitrag","link":""},"img":{"alt_text":"","src":"","width":0,"height":0},"classes":[]},{"id":339,"url":"https:\/\/dj1jay.de\/?page_id=339","url_meta":{"origin":337,"position":5},"title":"Anzeige erneuern.","author":"dj1jay","date":"16. Mai 2023","format":false,"excerpt":"","rel":"","context":"\u00c4hnlicher Beitrag","block_context":{"text":"\u00c4hnlicher Beitrag","link":""},"img":{"alt_text":"","src":"","width":0,"height":0},"classes":[]}],"jetpack_likes_enabled":true,"_links":{"self":[{"href":"https:\/\/dj1jay.de\/index.php?rest_route=\/wp\/v2\/pages\/337","targetHints":{"allow":["GET"]}}],"collection":[{"href":"https:\/\/dj1jay.de\/index.php?rest_route=\/wp\/v2\/pages"}],"about":[{"href":"https:\/\/dj1jay.de\/index.php?rest_route=\/wp\/v2\/types\/page"}],"author":[{"embeddable":true,"href":"https:\/\/dj1jay.de\/index.php?rest_route=\/wp\/v2\/users\/1"}],"replies":[{"embeddable":true,"href":"https:\/\/dj1jay.de\/index.php?rest_route=%2Fwp%2Fv2%2Fcomments&post=337"}],"version-history":[{"count":1,"href":"https:\/\/dj1jay.de\/index.php?rest_route=\/wp\/v2\/pages\/337\/revisions"}],"predecessor-version":[{"id":358,"href":"https:\/\/dj1jay.de\/index.php?rest_route=\/wp\/v2\/pages\/337\/revisions\/358"}],"up":[{"embeddable":true,"href":"https:\/\/dj1jay.de\/index.php?rest_route=\/wp\/v2\/pages\/334"}],"wp:attachment":[{"href":"https:\/\/dj1jay.de\/index.php?rest_route=%2Fwp%2Fv2%2Fmedia&parent=337"}],"curies":[{"name":"wp","href":"https:\/\/api.w.org\/{rel}","templated":true}]}}